{"id":83,"date":"2024-07-16T07:35:42","date_gmt":"2024-07-16T07:35:42","guid":{"rendered":"https:\/\/ecomarka.pl\/?page_id=83"},"modified":"2024-07-16T07:39:14","modified_gmt":"2024-07-16T07:39:14","slug":"kontakt","status":"publish","type":"page","link":"https:\/\/ecomarka.pl\/?page_id=83","title":{"rendered":"Kontakt"},"content":{"rendered":"\n<div class=\"wp-block-columns is-layout-flex wp-container-core-columns-is-layout-1 wp-block-columns-is-layout-flex\">\n<div class=\"wp-block-column is-layout-flow wp-block-column-is-layout-flow\">\n<hr class=\"wp-block-separator has-alpha-channel-opacity is-style-wide\"\/>\n\n\n\n<p><strong><em>EcoMarka Marek K\u0119pski<\/em><\/strong><\/p>\n\n\n\n<hr class=\"wp-block-separator has-alpha-channel-opacity is-style-wide\"\/>\n\n\n\n<p>adres: 1, 98-170 Podg\u00f3rze<br>e-mail: <a href=\"mailto:biuro.ecomarka@gmail.com\">biuro.ecomarka@gmail.com<\/a><br>tel: <a href=\"tel:602628999\">+48 602-628-999<\/a><br>NIP: 8311394353<br>REGON: 730920385<\/p>\n\n\n\n<p><br><\/p>\n\n\n\n<p><\/p>\n<\/div>\n\n\n\n<div class=\"wp-block-column is-layout-flow wp-block-column-is-layout-flow\">\n<iframe src=\"https:\/\/www.google.com\/maps\/embed?pb=!1m18!1m12!1m3!1d9945.065317354334!2d18.91343128347042!3d51.45326640702646!2m3!1f0!2f0!3f0!3m2!1i1024!2i768!4f13.1!3m3!1m2!1s0x471a688cb84ecc95%3A0xf9761bf2627fba5d!2s98-170%20Podg%C3%B3rze!5e0!3m2!1spl!2spl!4v1721114473037!5m2!1spl!2spl\" width=\"300\" height=\"300\" style=\"border:0;\" allowfullscreen=\"\" loading=\"lazy\" referrerpolicy=\"no-referrer-when-downgrade\"><\/iframe>\n<\/div>\n<\/div>\n","protected":false},"excerpt":{"rendered":"<p>EcoMarka Marek K\u0119pski adres: 1, 98-170 Podg\u00f3rzee-mail: biuro.ecomarka@gmail.comtel: +48 602-628-999NIP: 8311394353REGON: 730920385<\/p>\n","protected":false},"author":1,"featured_media":27,"parent":0,"menu_order":0,"comment_status":"closed","ping_status":"closed","template":"","meta":{"footnotes":""},"yoast_head":"<!-- This site is optimized with the Yoast SEO plugin v23.8 - https:\/\/yoast.com\/wordpress\/plugins\/seo\/ -->\n<title>Kontakt -<\/title>\n<meta name=\"robots\" content=\"index, follow, max-snippet:-1, max-image-preview:large, max-video-preview:-1\" \/>\n<link rel=\"canonical\" href=\"https:\/\/ecomarka.pl\/?page_id=83\" \/>\n<meta property=\"og:locale\" content=\"pl_PL\" \/>\n<meta property=\"og:type\" content=\"article\" \/>\n<meta property=\"og:title\" content=\"Kontakt -\" \/>\n<meta property=\"og:description\" content=\"EcoMarka Marek K\u0119pski adres: 1, 98-170 Podg\u00f3rzee-mail: biuro.ecomarka@gmail.comtel: +48 602-628-999NIP: 8311394353REGON: 730920385\" \/>\n<meta property=\"og:url\" content=\"https:\/\/ecomarka.pl\/?page_id=83\" \/>\n<meta property=\"article:modified_time\" content=\"2024-07-16T07:39:14+00:00\" \/>\n<meta property=\"og:image\" content=\"http:\/\/ecomarka.pl\/wp-content\/uploads\/2024\/07\/20230713_144844-1-scaled-e1721078804988.jpg\" \/>\n\t<meta property=\"og:image:width\" content=\"2560\" \/>\n\t<meta property=\"og:image:height\" content=\"1309\" \/>\n\t<meta property=\"og:image:type\" content=\"image\/jpeg\" \/>\n<meta name=\"twitter:card\" content=\"summary_large_image\" \/>\n<meta name=\"twitter:label1\" content=\"Szacowany czas czytania\" \/>\n\t<meta name=\"twitter:data1\" content=\"1 minuta\" \/>\n<script type=\"application\/ld+json\" class=\"yoast-schema-graph\">{\"@context\":\"https:\/\/schema.org\",\"@graph\":[{\"@type\":\"WebPage\",\"@id\":\"https:\/\/ecomarka.pl\/?page_id=83\",\"url\":\"https:\/\/ecomarka.pl\/?page_id=83\",\"name\":\"Kontakt -\",\"isPartOf\":{\"@id\":\"http:\/\/ecomarka.pl\/#website\"},\"primaryImageOfPage\":{\"@id\":\"https:\/\/ecomarka.pl\/?page_id=83#primaryimage\"},\"image\":{\"@id\":\"https:\/\/ecomarka.pl\/?page_id=83#primaryimage\"},\"thumbnailUrl\":\"https:\/\/ecomarka.pl\/wp-content\/uploads\/2024\/07\/20230713_144844-1-scaled-e1721078804988.jpg\",\"datePublished\":\"2024-07-16T07:35:42+00:00\",\"dateModified\":\"2024-07-16T07:39:14+00:00\",\"breadcrumb\":{\"@id\":\"https:\/\/ecomarka.pl\/?page_id=83#breadcrumb\"},\"inLanguage\":\"pl-PL\",\"potentialAction\":[{\"@type\":\"ReadAction\",\"target\":[\"https:\/\/ecomarka.pl\/?page_id=83\"]}]},{\"@type\":\"ImageObject\",\"inLanguage\":\"pl-PL\",\"@id\":\"https:\/\/ecomarka.pl\/?page_id=83#primaryimage\",\"url\":\"https:\/\/ecomarka.pl\/wp-content\/uploads\/2024\/07\/20230713_144844-1-scaled-e1721078804988.jpg\",\"contentUrl\":\"https:\/\/ecomarka.pl\/wp-content\/uploads\/2024\/07\/20230713_144844-1-scaled-e1721078804988.jpg\",\"width\":2560,\"height\":1309},{\"@type\":\"BreadcrumbList\",\"@id\":\"https:\/\/ecomarka.pl\/?page_id=83#breadcrumb\",\"itemListElement\":[{\"@type\":\"ListItem\",\"position\":1,\"name\":\"Strona g\u0142\u00f3wna\",\"item\":\"http:\/\/ecomarka.pl\/\"},{\"@type\":\"ListItem\",\"position\":2,\"name\":\"Kontakt\"}]},{\"@type\":\"WebSite\",\"@id\":\"http:\/\/ecomarka.pl\/#website\",\"url\":\"http:\/\/ecomarka.pl\/\",\"name\":\"\",\"description\":\"&quot;Odnawialna przysz\u0142o\u015b\u0107 zaczyna si\u0119 dzisiaj&quot;\",\"potentialAction\":[{\"@type\":\"SearchAction\",\"target\":{\"@type\":\"EntryPoint\",\"urlTemplate\":\"http:\/\/ecomarka.pl\/?s={search_term_string}\"},\"query-input\":{\"@type\":\"PropertyValueSpecification\",\"valueRequired\":true,\"valueName\":\"search_term_string\"}}],\"inLanguage\":\"pl-PL\"}]}<\/script>\n<!-- \/ Yoast SEO plugin. -->","yoast_head_json":{"title":"Kontakt -","robots":{"index":"index","follow":"follow","max-snippet":"max-snippet:-1","max-image-preview":"max-image-preview:large","max-video-preview":"max-video-preview:-1"},"canonical":"https:\/\/ecomarka.pl\/?page_id=83","og_locale":"pl_PL","og_type":"article","og_title":"Kontakt -","og_description":"EcoMarka Marek K\u0119pski adres: 1, 98-170 Podg\u00f3rzee-mail: biuro.ecomarka@gmail.comtel: +48 602-628-999NIP: 8311394353REGON: 730920385","og_url":"https:\/\/ecomarka.pl\/?page_id=83","article_modified_time":"2024-07-16T07:39:14+00:00","og_image":[{"width":2560,"height":1309,"url":"http:\/\/ecomarka.pl\/wp-content\/uploads\/2024\/07\/20230713_144844-1-scaled-e1721078804988.jpg","type":"image\/jpeg"}],"twitter_card":"summary_large_image","twitter_misc":{"Szacowany czas czytania":"1 minuta"},"schema":{"@context":"https:\/\/schema.org","@graph":[{"@type":"WebPage","@id":"https:\/\/ecomarka.pl\/?page_id=83","url":"https:\/\/ecomarka.pl\/?page_id=83","name":"Kontakt -","isPartOf":{"@id":"http:\/\/ecomarka.pl\/#website"},"primaryImageOfPage":{"@id":"https:\/\/ecomarka.pl\/?page_id=83#primaryimage"},"image":{"@id":"https:\/\/ecomarka.pl\/?page_id=83#primaryimage"},"thumbnailUrl":"https:\/\/ecomarka.pl\/wp-content\/uploads\/2024\/07\/20230713_144844-1-scaled-e1721078804988.jpg","datePublished":"2024-07-16T07:35:42+00:00","dateModified":"2024-07-16T07:39:14+00:00","breadcrumb":{"@id":"https:\/\/ecomarka.pl\/?page_id=83#breadcrumb"},"inLanguage":"pl-PL","potentialAction":[{"@type":"ReadAction","target":["https:\/\/ecomarka.pl\/?page_id=83"]}]},{"@type":"ImageObject","inLanguage":"pl-PL","@id":"https:\/\/ecomarka.pl\/?page_id=83#primaryimage","url":"https:\/\/ecomarka.pl\/wp-content\/uploads\/2024\/07\/20230713_144844-1-scaled-e1721078804988.jpg","contentUrl":"https:\/\/ecomarka.pl\/wp-content\/uploads\/2024\/07\/20230713_144844-1-scaled-e1721078804988.jpg","width":2560,"height":1309},{"@type":"BreadcrumbList","@id":"https:\/\/ecomarka.pl\/?page_id=83#breadcrumb","itemListElement":[{"@type":"ListItem","position":1,"name":"Strona g\u0142\u00f3wna","item":"http:\/\/ecomarka.pl\/"},{"@type":"ListItem","position":2,"name":"Kontakt"}]},{"@type":"WebSite","@id":"http:\/\/ecomarka.pl\/#website","url":"http:\/\/ecomarka.pl\/","name":"","description":"&quot;Odnawialna przysz\u0142o\u015b\u0107 zaczyna si\u0119 dzisiaj&quot;","potentialAction":[{"@type":"SearchAction","target":{"@type":"EntryPoint","urlTemplate":"http:\/\/ecomarka.pl\/?s={search_term_string}"},"query-input":{"@type":"PropertyValueSpecification","valueRequired":true,"valueName":"search_term_string"}}],"inLanguage":"pl-PL"}]}},"_links":{"self":[{"href":"https:\/\/ecomarka.pl\/index.php?rest_route=\/wp\/v2\/pages\/83"}],"collection":[{"href":"https:\/\/ecomarka.pl\/index.php?rest_route=\/wp\/v2\/pages"}],"about":[{"href":"https:\/\/ecomarka.pl\/index.php?rest_route=\/wp\/v2\/types\/page"}],"author":[{"embeddable":true,"href":"https:\/\/ecomarka.pl\/index.php?rest_route=\/wp\/v2\/users\/1"}],"replies":[{"embeddable":true,"href":"https:\/\/ecomarka.pl\/index.php?rest_route=%2Fwp%2Fv2%2Fcomments&post=83"}],"version-history":[{"count":3,"href":"https:\/\/ecomarka.pl\/index.php?rest_route=\/wp\/v2\/pages\/83\/revisions"}],"predecessor-version":[{"id":88,"href":"https:\/\/ecomarka.pl\/index.php?rest_route=\/wp\/v2\/pages\/83\/revisions\/88"}],"wp:featuredmedia":[{"embeddable":true,"href":"https:\/\/ecomarka.pl\/index.php?rest_route=\/wp\/v2\/media\/27"}],"wp:attachment":[{"href":"https:\/\/ecomarka.pl\/index.php?rest_route=%2Fwp%2Fv2%2Fmedia&parent=83"}],"curies":[{"name":"wp","href":"https:\/\/api.w.org\/{rel}","templated":true}]}}